t is -1000 (base 3) in base 9?
-30
What is 3 (base 7) in base 8?
3
What is -11 (base 16) in base 14?
-13
Convert 0 (base 2) to base 16.
0
What is 54 (base 7) in base 12?
33
0 (base 9) to base 6
0
Convert 6 (base 11) to base 3.
20
5 (base 11) to base 5
10
Convert -12 (base 14) to base 8.
-20
Convert -1 (base 6) to base 3.
-1
Convert -1313 (base 4) to base 5.
-434
-22 (base 5) to base 2
-1100
Convert 10 (base 12) to base 7.
15
62 (base 7) to base 2
101100
Convert 3 (base 12) to base 4.
3
What is -8 (base 15) in base 5?
-13
Convert -113 (base 11) to base 12.
-b3
What is 55 (base 9) in base 16?
32
Convert -8 (base 15) to base 8.
-10
-2223 (base 5) to base 11
-265
What is 4 (base 12) in base 2?
100
-1212 (base 3) to base 6
-122
What is 2 (base 12) in base 10?
2
What is 4 (base 10) in base 12?
4
What is -58 (base 12) in base 13?
-53
Convert 1 (base 16) to base 15.
1
-13 (base 9) to base 13
-c
-2 (base 13) to base 12
-2
-1c (base 15) to base 12
-23
Convert 2 (base 3) to base 8.
2
Convert 3 (base 10) to base 9.
3
-415 (base 6) to base 13
-bc
-11010 (base 2) to base 8
-32
Convert -21 (base 5) to base 13.
-b
Convert -62 (base 10) to base 11.
-57
What is 10 (base 3) in base 7?
3
Convert -42 (base 6) to base 7.
-35
Convert -2b (base 13) to base 3.
-1101
Convert 1a (base 16) to base 4.
122
-66 (base 8) to base 15
-39
10 (base 16) to base 14
12
What is 16 (base 14) in base 3?
202
3 (base 12) to base 5
3
Convert 14 (base 10) to base 11.
13
1 (base 13) to base 11
1
Convert 10010 (base 2) to base 4.
102
Convert 224 (base 8) to base 10.
148
What is -230 (base 4) in base 7?
-62
Convert 10 (base 7) to base 9.
7
Convert -18 (base 16) to base 5.
-44
Convert -2221 (base 3) to base 4.
-1033
What is 8 (base 9) in base 5?
13
Convert -17 (base 11) to base 2.
-10010
Convert -10 (base 6) to base 13.
-6
Convert -4 (base 5) to base 9.
-4
-6 (base 15) to base 4
-12
Convert -23 (base 9) to base 8.
-25
-127 (base 11) to base 14
-aa
-9 (base 10) to base 13
-9
Convert -1d (base 16) to base 3.
-1002
Convert 238 (base 11) to base 4.
10123
What is 0 (base 13) in base 14?
0
Convert -52 (base 6) to base 8.
-40
Convert -35 (base 10) to base 14.
-27
What is 100011 (base 2) in base 9?
38
6 (base 10) to base 2
110
1c (base 14) to base 6
42
Convert -17 (base 11) to base 15.
-13
0 (base 8) to base 11
0
Convert -a7 (base 12) to base 11.
-106
What is -213 (base 4) in base 15?
-29
What is -1 (base 10) in base 6?
-1
-23 (base 5) to base 15
-d
What is 37 (base 12) in base 11?
3a
Convert 23 (base 4) to base 3.
102
-20 (base 3) to base 12
-6
What is -143 (base 9) in base 3?
-11110
27 (base 11) to base 4
131
57 (base 14) to base 11
70
Convert 11 (base 7) to base 8.
10
-30 (base 12) to base 8
-44
3 (base 4) to base 10
3
Convert -41 (base 7) to base 6.
-45
20 (base 6) to base 7
15
What is -5 (base 9) in base 7?
-5
What is 120 (base 3) in base 14?
11
Convert 240 (base 7) to base 8.
176
Convert -21 (base 5) to base 2.
-1011
Convert 212 (base 3) to base 10.
23
What is -40 (base 11) in base 15?
-2e
Convert 7 (base 9) to base 5.
12
122 (base 7) to base 8
101
What is -32 (base 6) in base 11?
-19
-284 (base 11) to base 14
-19c
-221 (base 5) to base 14
-45
Convert -11 (base 5) to base 3.
-20
What is -69 (base 15) in base 8?
-143
-b (base 15) to base 10
-11
What is 33 (base 9) in base 6?
50
What is 2 (base 7) in base 11?
2
What is 4 (base 7) in base 13?
4
Convert 1 (base 6) to base 14.
1
What is 21 (base 12) in base 10?
25
Convert -60 (base 9) to base 8.
-66
205 (base 12) to base 9
355
-143 (base 6) to base 7
-120
Convert 1 (base 4) to base 10.
1
What is a8 (base 12) in base 4?
2000
What is -11 (base 8) in base 12?
-9
Convert 5 (base 12) to base 8.
5
What is 12 (base 14) in base 10?
16
-1100 (base 4) to base 5
-310
-77 (base 11) to base 13
-66
-2 (base 9) to base 14
-2
11 (base 8) to base 6
13
What is 1 (base 2) in base 10?
1
1 (base 10) to base 11
1
32 (base 6) to base 12
18
45 (base 13) to base 8
71
Convert -8 (base 15) to base 3.
-22
Convert -1a (base 16) to base 14.
-1c
-203 (base 6) to base 4
-1023
What is -3 (base 14) in base 11?
-3
Convert -10 (base 16) to base 10.
-16
What is 2 (base 3) in base 13?
2
-33 (base 9) to base 6
-50
Convert -10 (base 2) to base 15.
-2
What is -30 (base 4) in base 2?
-1100
Convert 10011110 (base 2) to base 5.
1113
Convert 1202 (base 3) to base 11.
43
-1 (base 2) to base 4
-1
-20 (base 3) to base 16
-6
What is -7 (base 12) in base 7?
-10
What is -2 (base 5) in base 14?
-2
Convert 11 (base 9) to base 11.
a
What is 80 (base 12) in base 9?
116
-a (base 12) to base 3
-101
Convert -322 (base 9) to base 16.
-107
3 (base 8) to base 3
10
Convert 185 (base 10) to base 4.
2321
-151 (base 9) to base 14
-91
What is 44 (base 12) in base 7?
103
What is 21 (base 4) in base 8?
11
What is 2 (base 5) in base 14?
2
What is 52 (base 11) in base 13?
45
3 (base 7) to base 15
3
-28 (base 15) to base 11
-35
-11011001 (base 2) to base 14
-117
What is 1a (base 13) in base 3?
212
Convert -10 (base 3) to base 5.
-3
-53 (base 10) to base 14
-3b
Convert -410 (base 6) to base 13.
-b7
What is a (base 11) in base 2?
1010
What is -9 (base 10) in base 14?
-9
-110 (base 3) to base 9
-13
-85 (base 9) to base 5
-302
Convert 6 (base 14) to base 3.
20
44 (base 10) to base 7
62
Convert 14 (base 9) to base 11.
12
Convert 1 (base 3) to base 16.
1
What is 1112 (base 4) in base 13?
68
Convert 110 (base 2) to base 9.
6
What is -5 (base 16) in base 15?
-5
What is -100110 (base 2) in base 11?
-35
-113 (base 7) to base 2
-111011
Convert -5 (base 10) to base 16.
-5
120 (base 8) to base 12
68
Convert -23 (base 12) to base 11.
-25
-34 (base 13) to base 11
-3a
-7 (base 9) to base 10
-7
What is -100100 (base 2) in base 5?
-121
What is 0 (base 5) in base 14?
0
What is 49 (base 16) in base 7?
133
Convert 14 (base 12) to base 4.
100
Convert -be (base 15) to base 11.
-153
What is -3 (base 4) in base 14?
-3
-20 (base 3) to base 7
-6
142 (base 9) to base 2
1110111
-1 (base 7) to base 10
-1
-3 (base 10) to base 4
-3
561 (base 7) to base 8
440
What is 4 (base 11) in base 13?
4
Convert 1 (base 3) to base 11.
1
0 (base 11) to base 14
0
What is -311 (base 4) in base 13?
-41
-2 (base 12) to base 11
-2
What is -3 (base 13) in base 6?
-3
What is 2 (base 4) in base 3?
2
Convert -2 (base 3) to base 13.
-2
-313 (base 6) to base 5
-432
14 (base 9) to base 13
10
What is 31 (base 7) in base 11?
20
Convert -45 (base 6) to base 11.
-27
5 (base 8) to base 6
5
Convert -3 (base 11) to base 9.
-3
What is -10 (base 7) in base 5?
-12
Convert 13 (base 7) to base 9.
11
What is 21 (base 8) in base 3?
122
1 (base 16) to base 12
1
1 (base 2) to base 15
1
-59 (base 14) to base 15
-54
What is 12 (base 7) in base 5?
14
Convert 10 (base 2) to base 6.
2
What is -32 (base 5) in base 6?
-25
What is -4 (base 15) in base 11?
-4
What is 2332 (base 4) in base 16?
be
3 (base 13) to base 6
3
Convert -1b (base 14) to base 11.
-23
Convert 2 (base 10) to base 15.
2
What is 13 (base 15) in base 8?
22
Convert 0 (base 10) to base 3.
0
Convert 14 (base 12) to base 14.
12
What is 1000 (base 2) in base 10?
8
-17 (base 11) to base 7
-24
Convert 0 (base 8) to base 5.
0
-4 (base 13) to base 8
-4
Convert 4 (base 8) to base 15.
4
What is 1a (base 16) in base 10?
26
What is 1240 (base 5) in base 4?
3003
1 (base 11) to base 6
1
-1 (base 11) to base 4
-1
Convert -3 (base 9) to base 3.
-10
9 (base 14) to base 8
11
102 (base 3) to base 14
b
What is 3 (base 6) in base 5?
3
Convert 112 (base 4) to base 15.
17
120 (base 7) to base 10
63
Convert 3 (base 16) to base 15.
3
Convert 2f (base 16) to base 5.
142
Convert 4 (base 14) to base 2.
100
-1043 (base 5) to base 7
-301
2 (base 4) to base 2
10
What is 30 (base 12) in base 11?
33
What is -10110101 (base 2) in base 10?
-181
21021 (base 3) to base 13
121
What is 0 (base 13) in base 8?
0
What is 0 (base 14) in base 12?
0
Convert -64 (base 9) to base 10.
-58
3a (base 16) to base 10
58
Convert -2 (base 11) to base 12.
-2
What is 97 (base 12) in base 9?
137
Convert 5 (base 16) to base 8.
5
3 (base 7) to base 9
3
Convert 5 (base 11) to base 3.
12
Convert -9 (base 12) to base 13.
-9
3 (base 9) to base 16
3
1341 (base 6) to base 10
349
What is 2 (base 10) in base 6?
2
What is -100 (base 2) in base 3?
-11
Convert -1202 (base 6) to base 12.
-202
What i